or of b(z)?
False
Let u(n) = -n**2 - 5*n - 1. Let f be u(-3). Suppose -3*j + 110 = 4*c + 20, -5*j = f*c - 150. Is 15 a factor of j?
True
Let x = 4 + 0. Suppose 3*f - i + 109 = 3*i, x*i + 164 = -4*f. Let l = -19 - f. Is 11 a factor of l?
False
Suppose 3*x = 2*x - 7. Suppose 5*a - 8*a + 27 = 0. Let f = a + x. Is f a multiple of 2?
True
Let w = -6 + 14. Suppose -108 = -w*d + 4*d. Is d a multiple of 9?
True
Suppose -65 = 9*l - 14*l. Is l a multiple of 4?
False
Suppose 0*u = -2*u + 2. Let b be (-26)/(-10) - (-2)/5. Suppose b*l + u = 2*s + 63, -4*l + s = -81. Is 10 a factor of l?
True
Let v(f) = f - 6*f + f - 7 + f. Suppose -3*k - 6 = 2*z - 0*k, 5*z + 2*k + 26 = 0. Does 5 divide v(z)?
False
Suppose 5*h + 7 = 4*h. Is (-6)/4*(1 + h) a multiple of 5?
False
Let q(a) = a**3 + 5*a**2 - 2. Let x be q(-4). Let f = 39 - x. Is f a multiple of 12?
False
Suppose -2*i + 48 = 2*p + 3*i, -4*i = -p + 24. Does 12 divide p?
True
Suppose -5*b = -3*w - 6, -7 - 11 = -4*w - 2*b. Is (-581)/(-28) + w/12 a multiple of 21?
True
Suppose 0 = -4*m + 3*m + 6. Does 6 divide m?
True
Let j be 1*1/(-4 + 3). Let o(t) = -27*t**3 + 3*t**3 - 2*t**2 + 0*t**2 - t. Does 9 divide o(j)?
False
Suppose 7*c - 968 = 628. Does 27 divide c?
False
Suppose 339 = 3*q - 90. Suppose 67 = 5*f - q. Does 19 divide f?
False
Suppose -t + 169 = -0*t + 4*y, -2*y + 6 = 0. Is t a multiple of 21?
False
Suppose b + 45 = 6*b. Let n = b + -3. Is 2 a factor of n?
True
Let q(c) = -c**2 - 6*c + 1. Let j be q(-5). Suppose -4*t = t - 115. Let r = t - j. Is 13 a factor of r?
False
Is 9 a factor of 1200/64 - (-1)/4?
False
Let g(m) = -m**3 + 6*m**2 + 5*m - 11. Is 13 a factor of g(5)?
True
Let x = -90 - -114. Does 10 divide x?
False
Suppose -7*s + 2*s + 460 = 5*k, 5*s + 450 = 5*k. Does 7 divide k?
True
Suppose c + 135 = 3*p, 103 = 2*p + c - 6*c. Does 4 divide p?
True
Let h = 9 + -9. Suppose h*f = -3*f. Suppose 2*o - 28 = -f*o. Is 7 a factor of o?
True
Let a be (-9)/(-6) - 3/(-2). Suppose a*m + m = -5*q + 230, -4*q = m - 52. Does 10 divide m?
True
Suppose 2*h + i + 114 = 0, 0 + 10 = -5*i. Does 15 divide -4*3*h/16?
False
Let q = 1 + 7. Suppose 4 = 3*p + 4*j - 3*j, 2*j = -p + q. Suppose -5*f = 4*x - 80, 4*x = -4*f - p*x + 60. Does 12 divide f?
False
Let t(s) = s**2 - 6*s - 5. Let k(a) = a**2 - 8*a + 7. Let b be k(8). Is t(b) even?
True
Suppose -39*n - 110 = -41*n. Is n a multiple of 15?
False
Let b be (-20)/(-6) + 22/(-66). Suppose -a = 2*v + 3, -5*v - 5*a = -v + 21. Suppose h = g - 5, b*h - v - 2 = 0. Is g a multiple of 6?
True
Let l be (3/6)/(2/8). Suppose 7*z - 240 = l*z. Is 16 a factor of z?
True
Is 33 a factor of (0 - -48) + 4 + -6?
False
Suppose 0*n + 5*n - 20 = 4*u, 4*n - 10 = 2*u. Suppose n = -c - 3, j - 3*c = -2*j + 81. Does 9 divide j?
False
Let p = 56 + -34. Is p a multiple of 22?
True
Let j(g) = -9*g**2 - g. Let n be j(-1). Let z(x) = -x**3 - 7*x**2 + 7*x - 1. Is 5 a factor of z(n)?
False
Suppose 3*m - 18 = 2*m. Does 6 divide m?
True
Suppose -10 - 5 = 2*f - 3*p, -2*f = -p + 25. Let w be 40/f*(-3 - 0). Suppose w - 19 = -c. Is 11 a factor of c?
True
Let u(t) = -t + 1. Is u(-5) a multiple of 3?
True
Let i be (-12)/(-42) + (-2)/7. Let r be 12/(-6) + (-23 - i). Let d = -3 - r. Does 9 divide d?
False
Suppose 0*a = -2*f - 2*a + 62, -3*a + 121 = 4*f. Is 14 a factor of f?
True
Let d be 1*3 + -3 + 2. Let n = -102 - -172. Suppose 3*y - 5*a = n, -2*y - d + 12 = 4*a. Is 15 a factor of y?
True
Is (-1)/(-4) + (-67)/(-4) a multiple of 10?
False
Let n be 6/(-27) + 140/(-18). Let o = -5 - n. Suppose o*d = -66 + 162. Is d a multiple of 16?
True
Suppose 4*r + 4*q = 37 + 375, -305 = -3*r - 2*q. Is r a multiple of 19?
False
Let j(c) = 2*c. Let f(p) = p. Let r be f(2). Let s be j(r). Let y = s - 1. Does 3 divide y?
True
Let a(o) be the third derivative of -o**5/60 - o**4/8 + o**3/3 - 3*o**2. Let n be a(-4). Is n/(-6)*(-102)/(-2) a multiple of 5?
False
Let c(g) = 111*g + 14. Let v(z) = -37*z - 5. Let w(u) = 4*c(u) + 11*v(u). Does 16 divide w(1)?
False
Suppose -17 = -2*d + 19. Is d a multiple of 18?
True
Suppose 0 = -2*a - 18 - 10. Let q = -4 - a. Let r = 41 + q. Is 13 a factor of r?
False
Suppose -7*z + 8 = -5*z. Suppose -4*g - 5 = -7*g - z*w, -3*g - 3*w + 9 = 0. Is 7 a factor of g?
True
Suppose -5*u + 18 = -3*i, -12 = 2*i + 3*u - 4*u. Let c(f) be the third derivative of -5*f**4/24 - 3*f**3/2 + 5*f**2. Is c(i) a multiple of 21?
True
Let a(l) = -14*l + 19. Is 14 a factor of a(-11)?
False
Suppose -25 = 4*w - 5*j, 3*j = -2*w + 15 - 0. Suppose -5*n + w = -15. Suppose y = -k + 9, 48 = 5*y + n*k - 1. Is y a multiple of 11?
True
Let r(b) = -b**3 + 2*b + 1. Let j be r(-2). Suppose -4*y + j = -35. Does 10 divide y?
True
Let z be (-24)/20*(-20)/6. Let g(b) = -b**3 + 6*b**2 - 3*b + 4. Let m be g(z). Suppose 0 = -3*d + 4*h + 36, 0*d + h + m = 2*d. Is 12 a factor of d?
True
Suppose -5*a - 9 = 16. Let b(u) = u + 7. Let y be b(a). Suppose 3*h = -4*z + 10, -4 = -y*h - z + 6. Does 4 divide h?
False
Suppose 252 = -4*k + 7*k. Does 14 divide k?
True
Let w(g) be the third derivative of -g**5/60 + 3*g**3 + 5*g**2. Is w(0) a multiple of 9?
True
Let w = 253 - 159. Suppose -5*h + 2*z = -w, 3*h - 42 = 3*z + 18. Is h a multiple of 9?
True
Suppose -2*m + 301 = 5*j, 2*m = -2*m + 12. Let s = 39 - j. Let h = 12 - s. Does 18 divide h?
False
Let f(z) = -z**3 - 9*z**2 - 9*z - 6. Let g be f(-8). Is 14 a factor of 1 + g + 2 + 28?
False
Let h be 9952/44 + 4/(-22). Suppose -x - 2*w + h = 2*x, -2*w = 4*x - 298. Is x a multiple of 24?
True
Suppose -4*j + 2*o - 7*o = -8, 3*o - 8 = -4*j. Suppose 4*w - 2*b = -j, 3*w - 3 = 4*b - 7. Suppose -4*f + 64 = c, f + w*c + 2*c = 23. Is f a multiple of 15?
True
Suppose 0*f + 182 = v + 2*f, -3*f = -5*v + 845. Is 43 a factor of v?
True
Let m = 103 + -97. Is m a multiple of 6?
True
Let m = 46 + 2. Is 16 a factor of m?
True
Let q = 0 + -1. Let t = q + 5. Is 4 a factor of t?
True
Let j be 10/(-25) + 27/5. Suppose -j*o = -3*i - 4, -i + 4*o - 18 = -o. Suppose -2*y - 100 = -i*y. Is 10 a factor of y?
True
Let z = -69 + 118. Is z a multiple of 14?
False
Let i be 2064/22 - (-2)/11. Suppose -y - 46 = -2*q, 0 = -4*q + 6*y - 3*y + i. Is q a multiple of 11?
True
Suppose -18 = -3*r - 6. Suppose 3*d - 36 = -q + r*q, 5*q + 15 = 0. Suppose -d = -f - 0*f. Is f a multiple of 4?
False
Let r(p) be the first derivative of p**4/4 + 11*p**3/3 + p**2/2 + 11*p + 3. Let x be r(-11). Suppose x*n + 52 = 2*n. Is 13 a factor of n?
True
Suppose 0 = d + 5, 2*d - d + 49 = -4*j. Let k = j - -29. Is k a multiple of 8?
False
Let g(l) = 8*l**2 - 11*l + 37. Is 13 a factor of g(6)?
False
Let z(v) = v**2 + 4*v - 3. Let q be z(-5). Suppose -2*l + 4*p = -8, -l - q*p - 4 = l. Suppose -2*a + 44 = -l*a. Does 11 divide a?
True
Let h(j) = j**3 + 2*j + 33. Does 11 divide h(0)?
True
Does 22 divide 3 + 0 + 83 + 2?
True
Let s(c) = 92*c**2 - 2*c - 1 - 1 + 3. Let p be s(1). Let a = p + -54. Does 13 divide a?
False
Let s(n) = 5*n + 12. Let b(o) = o + 1. Let g(t) = -6*b(t) + s(t). Is g(0) a multiple of 6?
True
Let g = 35 - -99. Suppose 2*t - a - 87 = 2*a, 4*t + 2*a - g = 0. Does 36 divide t?
True
Let c(x) = x**3 + 7*x**2 - 2*x + 4. Is 9 a factor of c(-7)?
True
Let j = 14 - 10. Let w(g) = -g**3 + 3*g**2 + 5*g - 2. Let o be w(j). Suppose 0 = -0*f - f + 3*x + 3, o*f + 4*x - 6 = 0. Does 3 divide f?
True
Let a(f) = f**3 - 12*f**2 + 10*f + 15. Let o be a(11). Suppose -o = -5*k + 1, 2*k = 5*m - 588. Is 20 a factor of m?
False
Let y be (2 - -32) + (-2 - -2). Let q = 52 - y. Does 18 divide q?
True
Let f = -2 - 1. Let o = 5 - f. Is 10 a factor of (-2)/(-8) - (-78)/o?
True
Let g = -65 + 103. Let z = 109 - g. Is z a multiple of 31?
False
Let b(q) = -2*q**2 + 2 - 3*q**2 + 36*q - 26*q - q**3. Does 5 divide b(-7)?
True
Suppose 0 = -2*y + 3 + 37. Suppose -3*g + y = g. Let a = 12 - g. Is a a multiple of 7?
True
Let l = 181 + -110. Let p = 105 - l. Is 17 a factor of p?
True
Let t(r) = -15*r + 15. Suppose i + 1 = x - 0*x, -2*x - 28 = 4*i. Does 30 divide t(i)?
True
Let f = -4 + 11. Suppose -5*u - f = -3*x + 49, u - 44 = -4*x. Does 7 divide x?
False
Suppose 0 = 5*x + r - 420, -2*x + 283 - 97 = 4*r. Is 16 a factor of x?
False
Suppose -b + 1477 = 5*y, 2*b = -4*y + b + 1181. Is y a multiple of 27?
False
Suppose 5*b - 2*b = 0. Suppose 6*r - 3*r - 72 = b. Does 12 divide r?
True
Suppose 5*f = z - 5, -f + 15 = 4*f. Is 17